110100110101
What is -a0ba4 (base 13) in base 9?
-477458
607ba2 (base 12) to base 2
101101111110111101010
What is 3526 (base 15) in base 14?
4182
Convert 44441144 (base 5) to base 11.
247164
Convert 111a51 (base 11) to base 2.
101011100001110001
Convert -4410c (base 13) to base 9.
-207013
What is -11312122023 (base 4) in base 5?
-343033304
What is 1899059 (base 10) in base 8?
7175063
What is 21420413 (base 6) in base 2?
10011100010101111001
What is 2050c9 (base 13) in base 10?
753736
Convert -1135034100 (base 6) to base 5.
-11241211223
64b74 (base 16) to base 11
261a3a
436546 (base 8) to base 14
3b6d0
Convert -13300 (base 15) to base 2.
-1110111111110001
Convert 10001110000001011 (base 2) to base 16.
11c0b
1651b4 (base 12) to base 15
7837d
Convert -23313121 (base 4) to base 5.
-3023401
-36640 (base 7) to base 11
-7222
Convert 1541415 (base 8) to base 15.
8b484
2c1d0 (base 14) to base 6
2205522
-233202331203 (base 4) to base 6
-1123051323
What is 11001130 (base 4) in base 13?
9496
Convert -7dc63 (base 15) to base 2.
-1100001111010010011
1479122 (base 10) to base 16
1691d2
-2001111000202 (base 3) to base 6
-35223502
-868a7 (base 15) to base 5
-102132312
What is 184592 (base 12) in base 4?
1213020332
Convert -1c296 (base 16) to base 5.
-12142400
-10043521 (base 6) to base 2
-1000101110100001001
Convert -11001111100001100110 (base 2) to base 4.
-3033201212
1312255 (base 8) to base 4
1121102231
-36566 (base 10) to base 3
-1212011022
1001104043 (base 5) to base 13
5409cc
3885c2 (base 14) to base 3
10122202112101
455133 (base 7) to base 2
10011110001111101
-775aa (base 14) to base 7
-2313203
-4728c (base 13) to base 15
-2881c
Convert -54213020 (base 6) to base 13.
-442002
-5373321 (base 8) to base 11
-8a3523
Convert -411407 (base 9) to base 12.
-b9121
What is 400904 (base 10) in base 11?
254229
What is 243476 (base 9) in base 4?
203313222
6695 (base 15) to base 2
101010011101100
-1000001110011101001100 (base 2) to base 7
-24220530
What is 15335425 (base 6) in base 16?
843e9
Convert 214c9 (base 14) to base 11.
55566
Convert 1001110110001001000011 (base 2) to base 4.
21312021003
What is -15648d (base 15) in base 9?
-1845067
What is -65688 (base 14) in base 9?
-413701
What is -32999 (base 16) in base 15?
-41622
What is 138881 (base 16) in base 11?
7a4864
Convert 3331213 (base 4) to base 13.
7507
Convert -54430a (base 11) to base 2.
-11010100010010001100
Convert -24015541 (base 6) to base 2.
-10110110111000010101
111110000110111011 (base 2) to base 7
2106451
Convert -1a81733 (base 12) to base 15.
-766ecc
What is 1d04b (base 16) in base 14?
3145d
-1b7115 (base 16) to base 9
-3340865
Convert -675a5 (base 16) to base 8.
-1472645
Convert 488418 (base 10) to base 14.
c9dd0
What is -100232050 (base 6) in base 7?
-20305602
Convert -17bf2 (base 16) to base 10.
-97266
-1a7370 (base 12) to base 16
-72744
-561184 (base 9) to base 8
-1217211
Convert 1a3e (base 15) to base 14.
2100
What is -320033132 (base 4) in base 10?
-230366
What is 100101112122220 (base 3) in base 7?
60263346
1b1067 (base 13) to base 12
292002
What is -4064 (base 11) in base 13?
-25bc
What is -26556635 (base 9) in base 12?
-4471972
-22705e (base 16) to base 5
-1034210430
What is 2119622 (base 10) in base 16?
2057c6
What is -11541366 (base 7) in base 4?
-3330301221
-30084 (base 14) to base 16
-1c2a4
Convert 136046 (base 8) to base 3.
2110001221
What is 121354 (base 10) in base 14?
32322
106540231 (base 7) to base 14
c2c418
Convert 110111011101110110 (base 2) to base 4.
313131312
What is 215033510 (base 6) in base 2?
1110110010100100110010
276511 (base 9) to base 3
22120120101
-2361405 (base 7) to base 4
-1021121331
-205360 (base 8) to base 15
-153ab
Convert a144a (base 12) to base 3.
101122200111
What is -103351 (base 10) in base 3?
-12020202211
What is 325441 (base 12) in base 2?
11000010101000110001
-2043113033 (base 5) to base 2
-10000010010011011001000
-137635 (base 8) to base 6
-1015033
Convert -8221558 (base 9) to base 4.
-100232102333
20301030 (base 4) to base 8
106114
Convert 547854 (base 11) to base 15.
124028
Convert -4692673 (base 10) to base 15.
-62a64d
What is -676506 (base 8) in base 14?
-5d4a2
What is -42b6692 (base 12) in base 3?
-212212021010002
Convert -213204330 (base 5) to base 2.
-11011110111011000010
220110300 (base 6) to base 8
16770334
Convert 40679 (base 10) to base 7.
226412
Convert -c9b5b7 (base 14) to base 3.
-110212001022102
What is -120012121002022 (base 3) in base 10?
-8081756
Convert -65110145 (base 7) to base 8.
-25125371
Convert 12443035 (base 6) to base 11.
260216
What is -2dfbc (base 16) in base 8?
-557674
162744 (base 9) to base 8
304200
Convert 1763702 (base 8) to base 14.
d6b3c
Convert 40773 (base 14) to base 13.
557c8
What is 1133302200 (base 4) in base 15?
7b3bc
Convert 202ef (base 16) to base 2.
100000001011101111
Convert 1225412 (base 6) to base 10.
66032
Convert 4065a (base 12) to base 10.
83878
What is -4201265 (base 7) in base 8?
-1731572
What is -32671 (base 8) in base 3?
-200212101
Convert 100220111011001 (base 3) to base 15.
6deeb7
-62620 (base 10) to base 2
-1111010010011100
What is 105429 (base 10) in base 16?
19bd5
What is -358075 (base 9) in base 14?
-58940
What is -560462 (base 9) in base 5?
-41204431
Convert -1c4ba72 (base 13) to base 9.
-18651235
3422210 (base 6) to base 7
1323540
3a9fbc (base 16) to base 11
219459a
What is 1170405 (base 9) in base 15?
c89eb
Convert 1022001110012 (base 3) to base 7.
5602361
What is -11100001001100111110 (base 2) in base 10?
-922430
What is 22001323 (base 9) in base 5?
10210123223
What is 53c5c (base 14) in base 3?
101022010010
1413404123 (base 5) to base 16
37c01f
Convert 121511441 (base 6) to base 8.
10700261
What is 102311002321 (base 4) in base 13?
103a83c
Convert -1640016 (base 7) to base 13.
-7ca9a
Convert -4a0957 (base 11) to base 3.
-1111020002122
-834057 (base 13) to base 16
-2ec437
-163eee (base 16) to base 9
-2661771
What is 2200122220021 (base 3) in base 11?
897604
Convert -1770623 (base 11) to base 3.
-12122112011222
Convert -3a23866 (base 12) to base 14.
-1752b94
Convert -426ac (base 15) to base 11.
-134392
Convert -24d379 (base 16) to base 12.
-9847b5
Convert -113101220331 (base 4) to base 8.
-27215075
1d26b1 (base 15) to base 5
331111031
Convert -461635 (base 10) to base 2.
-1110000101101000011
-102100200202102 (base 3) to base 5
-3021133141
-55506 (base 10) to base 15
-116a6
Convert -120130233 (base 4) to base 10.
-100143
What is -10100110100110010111011 (base 2) in base 15?
-72c7c1
-2560766 (base 9) to base 7
-14612103
What is -1210401 (base 5) in base 3?
-1011000002
-50810 (base 15) to base 7
-2111160
-11114024 (base 5) to base 3
-11222110011
Convert -2102020220 (base 3) to base 16.
-b9d3
Convert -3906b7 (base 12) to base 10.
-934123
769528 (base 11) to base 7
13302433
What is 2225115 (base 7) in base 6?
5523230
16374a0 (base 12) to base 6
241335120
Convert 40144242 (base 5) to base 10.
318697
Convert -163657 (base 8) to base 13.
-20cc5
What is -12111331212 (base 4) in base 5?
-411202242
Convert -1c5d88 (base 15) to base 4.
-11102210303
What is 3912367 (base 10) in base 9?
7322674
-157a0 (base 16) to base 6
-1515132
Convert 462506 (base 8) to base 6.
3210502
Convert -309c2f (base 16) to base 6.
-152140355
-347236 (base 13) to base 7
-13400326
Convert 101010100100001111 (base 2) to base 15.
369d6
What is 1c1c6 (base 14) in base 6?
1312002
-910619 (base 11) to base 5
-333333341
729e0 (base 16) to base 6
14021252
What is 13688 (base 16) in base 6?
1412012
Convert -33050064 (base 7) to base 9.
-5301666
What is -61264606 (base 7) in base 14?
-96da3d
51002102 (base 6) to base 3
2201111122102
Convert -90895 (base 11) to base 5.
-13222331
Convert -2021200220200 (base 3) to base 15.
-18ec86
1bbb10 (base 13) to base 9
1303888
-430895 (base 10) to base 7
-3443153
What is -a99092 (base 11) in base 15?
-249c24
-15420 (base 6) to base 7
-10245
What is 12414204 (base 5) in base 10?
123054
What is -4170051 (base 8) in base 5?
-241010212
What is -2831b2 (base 16) in base 10?
-2634162
20010123002 (base 4) to base 13
590a4a
What is 14204063 (base 8) in base 4?
30100200303
What is -a3d21 (base 14) in base 5?
-100114334
Convert ba48 (base 13) to base 2.
110010100111101
What is -51aa114 (base 12) in base 6?